r when 511357 is divided by 799.
796
Calculate the remainder when 7834 is divided by 3868.
98
What is the remainder when 3832 is divided by 68?
24
Calculate the remainder when 6035022 is divided by 16.
14
Calculate the remainder when 34640 is divided by 142.
134
What is the remainder when 19101 is divided by 32?
29
What is the remainder when 1647 is divided by 237?
225
What is the remainder when 2747 is divided by 732?
551
Calculate the remainder when 1260788 is divided by 117.
113
What is the remainder when 16074 is divided by 18?
0
Calculate the remainder when 113417 is divided by 214.
211
Calculate the remainder when 23369 is divided by 82.
81
Calculate the remainder when 2439 is divided by 478.
49
What is the remainder when 1372 is divided by 121?
41
Calculate the remainder when 499 is divided by 483.
16
Calculate the remainder when 27759 is divided by 15.
9
What is the remainder when 23624 is divided by 14?
6
Calculate the remainder when 3594 is divided by 35.
24
Calculate the remainder when 8933 is divided by 109.
104
What is the remainder when 8307 is divided by 97?
62
Calculate the remainder when 15619 is divided by 15.
4
Calculate the remainder when 192064 is divided by 238.
236
Calculate the remainder when 12492 is divided by 565.
62
Calculate the remainder when 2556 is divided by 210.
36
Calculate the remainder when 39532 is divided by 130.
12
Calculate the remainder when 25828 is divided by 624.
244
What is the remainder when 5418 is divided by 258?
0
What is the remainder when 883132 is divided by 87?
82
What is the remainder when 27237 is divided by 14?
7
Calculate the remainder when 1781 is divided by 633.
515
Calculate the remainder when 59 is divided by 59.
0
Calculate the remainder when 1473 is divided by 1413.
60
What is the remainder when 4258 is divided by 198?
100
Calculate the remainder when 47425 is divided by 11805.
205
Calculate the remainder when 5926 is divided by 257.
15
Calculate the remainder when 354140 is divided by 42.
38
What is the remainder when 248085 is divided by 1138?
1
What is the remainder when 120856 is divided by 55?
21
Calculate the remainder when 30887 is divided by 33.
32
Calculate the remainder when 5622 is divided by 13.
6
Calculate the remainder when 1319408 is divided by 659703.
2
What is the remainder when 147965 is divided by 791?
48
Calculate the remainder when 2969 is divided by 2942.
27
What is the remainder when 96088 is divided by 514?
484
What is the remainder when 4628 is divided by 2?
0
Calculate the remainder when 129442 is divided by 69.
67
Calculate the remainder when 18943 is divided by 103.
94
Calculate the remainder when 1427383 is divided by 15.
13
Calculate the remainder when 91915 is divided by 6565.
5
What is the remainder when 11993 is divided by 750?
743
Calculate the remainder when 371315 is divided by 194.
193
What is the remainder when 773 is divided by 466?
307
Calculate the remainder when 86597 is divided by 9619.
26
What is the remainder when 79956 is divided by 200?
156
What is the remainder when 602146 is divided by 155?
126
What is the remainder when 2313 is divided by 382?
21
What is the remainder when 4924 is divided by 1228?
12
Calculate the remainder when 10709 is divided by 10631.
78
What is the remainder when 486 is divided by 232?
22
What is the remainder when 7437 is divided by 3618?
201
Calculate the remainder when 60194 is divided by 158.
154
Calculate the remainder when 297308 is divided by 74324.
12
What is the remainder when 193 is divided by 5?
3
What is the remainder when 4507 is divided by 4456?
51
What is the remainder when 12446 is divided by 6217?
12
What is the remainder when 10503 is divided by 18?
9
What is the remainder when 41741 is divided by 41720?
21
What is the remainder when 127279 is divided by 40?
39
What is the remainder when 289975 is divided by 60?
55
Calculate the remainder when 586639 is divided by 195540.
19
Calculate the remainder when 1018336 is divided by 805.
11
What is the remainder when 36453 is divided by 4045?
48
What is the remainder when 1055595 is divided by 167?
155
What is the remainder when 111195 is divided by 4276?
19
What is the remainder when 112319 is divided by 382?
11
Calculate the remainder when 582 is divided by 213.
156
Calculate the remainder when 9698 is divided by 1383.
17
Calculate the remainder when 7667 is divided by 76.
67
What is the remainder when 2598 is divided by 534?
462
Calculate the remainder when 1433 is divided by 328.
121
Calculate the remainder when 50924 is divided by 16971.
11
What is the remainder when 6512992 is divided by 522?
520
What is the remainder when 2659 is divided by 461?
354
Calculate the remainder when 107504 is divided by 26875.
4
Calculate the remainder when 7486 is divided by 63.
52
Calculate the remainder when 62822 is divided by 15.
2
Calculate the remainder when 28367 is divided by 3545.
7
What is the remainder when 16006 is divided by 58?
56
Calculate the remainder when 15275 is divided by 3814.
19
What is the remainder when 5963 is divided by 107?
78
Calculate the remainder when 52661 is divided by 116.
113
Calculate the remainder when 37540 is divided by 70.
20
What is the remainder when 18419 is divided by 37?
30
What is the remainder when 42580 is divided by 10645?
0
What is the remainder when 1024265 is divided by 32?
9
What is the remainder when 4769 is divided by 63?
44
What is the remainder when 14507 is divided by 33?
20
What is the remainder when 98260 is divided by 130?
110
What is the remainder when 26877 is divided by 1678?
29
What is the remainder when 16865 is divided by 201?
182
What is the remainder when 7814 is divided by 24?
14
What is the remainder when 119765 is divided by 59859?
47
Calculate the remainder when 1021107 is divided by 11.
10
What is the remainder when 5867 is divided by 89?
82
What is the remainder when 735258 is divided by 970?
968
What is the remainder when 1773 is divided by 205?
133
Calculate the remainder when 13651 is divided by 696.
427
What is the remainder when 585116 is divided by 39?
38
Calculate the remainder when 7162 is divided by 7135.
27
What is the remainder when 278784 is divided by 1052?
4
What is the remainder when 100539 is divided by 137?
118
Calculate the remainder when 76703 is divided by 25552.
47
What is the remainder when 28647 is divided by 191?
188
Calculate the remainder when 2365 is divided by 517.
297
Calculate the remainder when 13397 is divided by 20.
17
Calculate the remainder when 281 is divided by 97.
87
What is the remainder when 3916 is divided by 392?
388
Calculate the remainder when 20236 is divided by 43.
26
Calculate the remainder when 113866 is divided by 7.
4
Calculate the remainder when 457322 is divided by 6.
2
Calculate the remainder when 5854 is divided by 9.
4
Calculate the remainder when 53073 is divided by 31.
1
What is the remainder when 168 is divided by 164?
4
Calculate the remainder when 172470 is divided by 36.
30
Calculate the remainder when 10753 is divided by 53.
47
Calculate the remainder when 3253 is divided by 74.
71
Calculate the remainder when 1760 is divided by 237.
101
What is the remainder when 71759 is divided by 39?
38
What is the remainder when 11892 is divided by 568?
532
Calculate the remainder when 42168 is divided by 49.
28
What is the remainder when 218047 is divided by 72676?
19
What is the remainder when 2792906 is divided by 623?
620
What is the remainder when 13888 is divided by 4623?
19
Calculate the remainder when 4323 is divided by 2140.
43
What is the remainder when 4638 is divided by 59?
36
What is the remainder when 9455 is divided by 22?
17
What is the remainder when 3436 is divided by 686?
6
Calculate the remainder when 5358 is divided by 14.
10
Calculate the remainder when 3990 is divided by 1265.
195
What is the remainder when 25083 is divided by 8200?
483
What is the remainder when 3880 is divided by 409?
199
Calculate the remainder when 1228185 is divided by 12.
9
What is the remainder when 436 is divided by 370?
66
Calculate the remainder when 1110 is divided by 26.
18
Calculate the remainder when 29105 is divided by 635.
530
Calculate the remainder when 17705 is divided by 454.
453
Calculate the remainder when 61368 is divided b